{"id":19,"date":"2021-08-03T07:48:22","date_gmt":"2021-08-03T07:48:22","guid":{"rendered":"https:\/\/baltisaksaselts.ee\/?page_id=19"},"modified":"2022-02-02T09:43:38","modified_gmt":"2022-02-02T09:43:38","slug":"tutvustus","status":"publish","type":"page","link":"https:\/\/baltisaksaselts.ee\/de\/","title":{"rendered":"\u00dcBERBLICK"},"content":{"rendered":"\n<p>Der 1988 gegr\u00fcndeten Gesellschaft f\u00fcr deutschbaltische Kultur in Estland geh\u00f6ren Menschen aus verschiedenen T\u00e4tigkeitsbereichen an, die sich f\u00fcr das deutschbaltische Kulturerbe im weitesten Sinne interessieren und es einer breiteren \u00d6ffentlichkeit bekannt machen wollen. Seit nunmehr \u00fcber drei\u03b2ig Jahren treffen sich die Mitglieder und weitere Interessenten jeweils am letzten Mittwoch des Monats um 17 Uhr, um bei einer Tasse Kaffee einem Vortrag zu folgen und sich \u00fcber verschiedene Aspekte der deutschbaltischen Kultur und Geschichte auszutauschen. Gemeinsame Besichtigungen historischer Gutsh\u00f6fe, Kirchen, Pastorate und anderer Erinnerungsorte, jedes Jahr im Fr\u00fchling und vor Weihnachten, sind ebenfalls zu einer festen Tradition geworden. Die Gesellschaft ist in ihrer T\u00e4tigkeit stets um Ausgewogenheit zwischen akademischer und popul\u00e4rwissenschaftlicher Ausrichtung bem\u00fcht gewesen und dies hat wohl auch zu ihrem Fortbestand beigetragen. Heute, im Jahr 2021, hat die Gesellschaft 58 Mitglieder \u2013 Historiker, Germanisten, Buchkundler, Tourismusfachleute, Fremdenf\u00fchrer u. a. Gelegentlich werden Seminare f\u00fcr ein gr\u00f6\u00dferes Publikum veranstaltet (so 1999, 2006, 2010, 2013 und 2019), mit anschlie\u00dfender Ver\u00f6ffentlichung der Vortr\u00e4ge.<\/p>\n","protected":false},"excerpt":{"rendered":"<p>Der 1988 gegr\u00fcndeten Gesellschaft f\u00fcr deutschbaltische Kultur in Estland geh\u00f6ren Menschen aus verschiedenen T\u00e4tigkeitsbereichen an, die sich f\u00fcr das deutschbaltische Kulturerbe im weitesten Sinne interessieren und es einer breiteren \u00d6ffentlichkeit bekannt machen wollen. Seit nunmehr \u00fcber drei\u03b2ig Jahren treffen sich die Mitglieder und weitere Interessenten jeweils am letzten Mittwoch des Monats um 17 Uhr, um [&hellip;]<\/p>\n","protected":false},"author":1,"featured_media":0,"parent":0,"menu_order":0,"comment_status":"closed","ping_status":"closed","template":"","meta":{"footnotes":""},"class_list":["post-19","page","type-page","status-publish","hentry"],"_links":{"self":[{"href":"https:\/\/baltisaksaselts.ee\/de\/wp-json\/wp\/v2\/pages\/19","targetHints":{"allow":["GET"]}}],"collection":[{"href":"https:\/\/baltisaksaselts.ee\/de\/wp-json\/wp\/v2\/pages"}],"about":[{"href":"https:\/\/baltisaksaselts.ee\/de\/wp-json\/wp\/v2\/types\/page"}],"author":[{"embeddable":true,"href":"https:\/\/baltisaksaselts.ee\/de\/wp-json\/wp\/v2\/users\/1"}],"replies":[{"embeddable":true,"href":"https:\/\/baltisaksaselts.ee\/de\/wp-json\/wp\/v2\/comments?post=19"}],"version-history":[{"count":9,"href":"https:\/\/baltisaksaselts.ee\/de\/wp-json\/wp\/v2\/pages\/19\/revisions"}],"predecessor-version":[{"id":220,"href":"https:\/\/baltisaksaselts.ee\/de\/wp-json\/wp\/v2\/pages\/19\/revisions\/220"}],"wp:attachment":[{"href":"https:\/\/baltisaksaselts.ee\/de\/wp-json\/wp\/v2\/media?parent=19"}],"curies":[{"name":"wp","href":"https:\/\/api.w.org\/{rel}","templated":true}]}}

ÜBERBLICK

<p>Der 1988 gegründeten Gesellschaft für deutschbaltische Kultur in Estland gehören Menschen aus verschiedenen Tätigkeitsbereichen an, die sich für das deutschbaltische Kulturerbe im weitesten Sinne interessieren und es einer breiteren Öffentlichkeit bekannt machen wollen. Seit nunmehr über dreiβig Jahren treffen sich die Mitglieder und weitere Interessenten jeweils am letzten Mittwoch des Monats um 17 Uhr, um bei einer Tasse Kaffee einem Vortrag zu folgen und sich über verschiedene Aspekte der deutschbaltischen Kultur und Geschichte auszutauschen. Gemeinsame Besichtigungen historischer Gutshöfe, Kirchen, Pastorate und anderer Erinnerungsorte, jedes Jahr im Frühling und vor Weihnachten, sind ebenfalls zu einer festen Tradition geworden. Die Gesellschaft ist in ihrer Tätigkeit stets um Ausgewogenheit zwischen akademischer und populärwissenschaftlicher Ausrichtung bemüht gewesen und dies hat wohl auch zu ihrem Fortbestand beigetragen. Heute, im Jahr 2021, hat die Gesellschaft 58 Mitglieder – Historiker, Germanisten, Buchkundler, Tourismusfachleute, Fremdenführer u. a. Gelegentlich werden Seminare für ein größeres Publikum veranstaltet (so 1999, 2006, 2010, 2013 und 2019), mit anschließender Veröffentlichung der Vorträge.</p>

<p>Der 1988 gegründeten Gesellschaft für deutschbaltische Kultur in Estland gehören Menschen aus verschiedenen Tätigkeitsbereichen an, die sich für das deutschbaltische Kulturerbe im weitesten Sinne interessieren und es einer breiteren Öffentlichkeit bekannt machen wollen. Seit nunmehr über dreiβig Jahren treffen sich die Mitglieder und weitere Interessenten jeweils am letzten Mittwoch des Monats um 17 Uhr, um [&hellip;]</p>
